{"id":2140,"date":"2024-04-09T14:27:59","date_gmt":"2024-04-09T12:27:59","guid":{"rendered":"https:\/\/dig-hum.sjstudios.eu\/?page_id=2140"},"modified":"2024-04-20T13:45:17","modified_gmt":"2024-04-20T11:45:17","slug":"ag-greening-dh","status":"publish","type":"page","link":"https:\/\/digitalhumanities.de\/en\/ag-greening-dh\/","title":{"rendered":"AG Greening DH"},"content":{"rendered":"\t\t<div data-elementor-type=\"wp-page\" data-elementor-id=\"2140\" class=\"elementor elementor-2140\" data-elementor-post-type=\"page\">\n\t\t\t\t<div class=\"elementor-element elementor-element-56f86c38 e-flex e-con-boxed e-con e-parent\" data-id=\"56f86c38\" data-element_type=\"container\" data-e-type=\"container\">\n\t\t\t\t\t<div class=\"e-con-inner\">\n\t\t\t\t<div class=\"elementor-element elementor-element-6c461f60 elementor-widget__width-initial elementor-widget-mobile__width-initial elementor-widget elementor-widget-heading\" data-id=\"6c461f60\" data-element_type=\"widget\" data-e-type=\"widget\" data-widget_type=\"heading.default\">\n\t\t\t\t<div class=\"elementor-widget-container\">\n\t\t\t\t\t<h1 class=\"elementor-heading-title elementor-size-default\">AG Greening DH<\/h1>\t\t\t\t<\/div>\n\t\t\t\t<\/div>\n\t\t\t\t<div class=\"elementor-element elementor-element-4f56e3b7 elementor-widget__width-initial elementor-widget elementor-widget-text-editor\" data-id=\"4f56e3b7\" data-element_type=\"widget\" data-e-type=\"widget\" data-widget_type=\"text-editor.default\">\n\t\t\t\t<div class=\"elementor-widget-container\">\n\t\t\t\t\t\t\t\t\t<h2><strong>1. AG-Name<\/strong><\/h2><p>Arbeitsgruppe Greening DH<\/p><h3>\u00a0<\/h3><h2><strong>2. AG-Arbeitsschwerpunkte<\/strong><\/h2><p>Die Arbeitsgruppe befasst sich mit Fragen, die mit dem \u00f6kologischen Fu\u00dfabdruck der Digital Humanities-Forschungsaktivit\u00e4t zusammenh\u00e4ngen. Es sollen sowohl praktische Aspekte ber\u00fccksichtigt werden (greening toolkit) als auch die epistemologischen Fragen und Herausforderungen, vor welchen die Klimakrise die Community stellt.<\/p><h3>\u00a0<\/h3><h2><strong>3. AG-Ziel<\/strong><\/h2><p>Diese AG geht davon aus, dass die Aus\u00fcbung der wissenschaftlichen T\u00e4tigkeit eine direkte Auswirkung auf die Umwelt hat. Der Spagat zwischen individuellen \u00dcberzeugungen und systemischen Anforderungen, ja gar die naive Einsicht, dass frau\/man als Wissenschaftler*in eine Art Ausnahmestatus aufgrund der Bedeutung der Forschungsaufgabe haben sollte, wird meist durch eine Unkenntnis der konkreten Verh\u00e4ltnisse zwischen wissenschaftlichem Nutzen und \u00f6kologischer Nachhaltigkeit der Handlungsfolgen verst\u00e4rkt. Dabei sind die DH auf besondere Weise betroffen, sowohl aufgrund der Forschungst\u00e4tigkeiten allgemein (am Computer arbeiten, reisen, Konferenzen organisieren) als auch aufgrund der speziellen Bed\u00fcrfnisse des Faches (u.a. Rechen- und Speicherkapazit\u00e4t, dynamische Ver\u00f6ffentlichungsformate). Insbesondere im Zusammenhang mit geisteswissenschaftlichen F\u00e4chern haben die DH die M\u00f6glichkeit, wegweisend zu sein f\u00fcr nachhaltigere Forschungst\u00e4tigkeiten. Dar\u00fcber hinaus ist die Auseinandersetzung mit dem epistemologischen Wandel, der mit unserer Praxis der Digitalit\u00e4t zusammenh\u00e4ngt, auch Bestandteil der DH: Insofern sind Arbeiten zu Herausforderungen des \u00f6kologischen Fu\u00dfabdrucks der Digital Humanities ein Zweig der Disziplin, den es zu bef\u00f6rdern gilt.<\/p><p>Diese Arbeitsgruppe setzt sich drei Ziele:<\/p><p>1) Bestehende Rechenmethoden, Ma\u00dfnahmen, Tools und Methoden evaluieren und den Austausch mit Wissenschaftler*innen anderer F\u00e4cher f\u00f6rdern, die in diesem Zusammenhang fortgeschritten sind;<br \/>2) Fachspezifische best practice-Richtlinien ausarbeiten, die in den unterschiedlichen T\u00e4tigkeitsfeldern (Reisen, Konferenzen, Materialbeschaffung, Hosting-L\u00f6sung) Forschenden, Institutionen und F\u00f6rderern Orientierung verschaffen;<br \/>3) Eine gute Anbindung an international \u00e4hnlich gelagerten Interessengruppen gew\u00e4hrleisten und den (Informations)Austausch mit diesen pflegen.<\/p><h3>\u00a0<\/h3><h2><strong>4. AG-URL (extern)<\/strong><\/h2><p><a href=\"https:\/\/dhd-greening.github.io\/\">https:\/\/dhd-greening.github.io\/<\/a><\/p><h3>\u00a0<\/h3><h2><strong>5. AG-Kontakt\/Convenor<\/strong><\/h2><p>Anne Baillot<br \/>Ecole Normale Sup\u00e9rieure\/ ICAR- CNRS UMR 5191<br \/>15 Parvis Descartes<br \/>F- 69342 Lyon<br \/>E-Mail: anne.baillot[AT]gmail.com<\/p><p>Torsten Roeder<br \/>Bergische Universit\u00e4t Wuppertal<br \/>E-Mail: dh[AT]torstenroeder.de<\/p>\t\t\t\t\t\t\t\t<\/div>\n\t\t\t\t<\/div>\n\t\t\t\t\t<\/div>\n\t\t\t\t<\/div>\n\t\t\t\t<\/div>\n\t\t","protected":false},"excerpt":{"rendered":"<p>1. AG-Name Arbeitsgruppe Greening DH \u00a0 2. AG-Arbeitsschwerpunkte Die Arbeitsgruppe befasst sich mit Fragen, die mit dem \u00f6kologischen Fu\u00dfabdruck der Digital Humanities-Forschungsaktivit\u00e4t zusammenh\u00e4ngen. Es sollen sowohl praktische Aspekte ber\u00fccksichtigt werden (greening toolkit) als auch die epistemologischen Fragen und Herausforderungen, vor welchen die Klimakrise die Community stellt. \u00a0 3. AG-Ziel Diese AG geht davon aus, dass [&hellip;]<\/p>\n","protected":false},"author":1,"featured_media":0,"parent":0,"menu_order":0,"comment_status":"closed","ping_status":"closed","template":"","meta":{"_acf_changed":false,"footnotes":""},"categories":[157],"tags":[],"class_list":["post-2140","page","type-page","status-publish","hentry","category-ag"],"acf":[],"_links":{"self":[{"href":"https:\/\/digitalhumanities.de\/en\/wp-json\/wp\/v2\/pages\/2140","targetHints":{"allow":["GET"]}}],"collection":[{"href":"https:\/\/digitalhumanities.de\/en\/wp-json\/wp\/v2\/pages"}],"about":[{"href":"https:\/\/digitalhumanities.de\/en\/wp-json\/wp\/v2\/types\/page"}],"author":[{"embeddable":true,"href":"https:\/\/digitalhumanities.de\/en\/wp-json\/wp\/v2\/users\/1"}],"replies":[{"embeddable":true,"href":"https:\/\/digitalhumanities.de\/en\/wp-json\/wp\/v2\/comments?post=2140"}],"version-history":[{"count":8,"href":"https:\/\/digitalhumanities.de\/en\/wp-json\/wp\/v2\/pages\/2140\/revisions"}],"predecessor-version":[{"id":2835,"href":"https:\/\/digitalhumanities.de\/en\/wp-json\/wp\/v2\/pages\/2140\/revisions\/2835"}],"wp:attachment":[{"href":"https:\/\/digitalhumanities.de\/en\/wp-json\/wp\/v2\/media?parent=2140"}],"wp:term":[{"taxonomy":"category","embeddable":true,"href":"https:\/\/digitalhumanities.de\/en\/wp-json\/wp\/v2\/categories?post=2140"},{"taxonomy":"post_tag","embeddable":true,"href":"https:\/\/digitalhumanities.de\/en\/wp-json\/wp\/v2\/tags?post=2140"}],"curies":[{"name":"wp","href":"https:\/\/api.w.org\/{rel}","templated":true}]}}

<div data-elementor-type="wp-page" data-elementor-id="2140" class="elementor elementor-2140" data-elementor-post-type="page">
				<div class="elementor-element elementor-element-56f86c38 e-flex e-con-boxed e-con e-parent" data-id="56f86c38" data-element_type="container" data-e-type="container">
					<div class="e-con-inner">
				<div class="elementor-element elementor-element-6c461f60 elementor-widget__width-initial elementor-widget-mobile__width-initial elementor-widget elementor-widget-heading" data-id="6c461f60" data-element_type="widget" data-e-type="widget" data-widget_type="heading.default">
				<div class="elementor-widget-container">
					<h1 class="elementor-heading-title elementor-size-default">AG Greening DH</h1>				</div>
				</div>
				<div class="elementor-element elementor-element-4f56e3b7 elementor-widget__width-initial elementor-widget elementor-widget-text-editor" data-id="4f56e3b7" data-element_type="widget" data-e-type="widget" data-widget_type="text-editor.default">
				<div class="elementor-widget-container">
									<h2><strong>1. AG-Name</strong></h2><p>Arbeitsgruppe Greening DH</p><h3> </h3><h2><strong>2. AG-Arbeitsschwerpunkte</strong></h2><p>Die Arbeitsgruppe befasst sich mit Fragen, die mit dem ökologischen Fußabdruck der Digital Humanities-Forschungsaktivität zusammenhängen. Es sollen sowohl praktische Aspekte berücksichtigt werden (greening toolkit) als auch die epistemologischen Fragen und Herausforderungen, vor welchen die Klimakrise die Community stellt.</p><h3> </h3><h2><strong>3. AG-Ziel</strong></h2><p>Diese AG geht davon aus, dass die Ausübung der wissenschaftlichen Tätigkeit eine direkte Auswirkung auf die Umwelt hat. Der Spagat zwischen individuellen Überzeugungen und systemischen Anforderungen, ja gar die naive Einsicht, dass frau/man als Wissenschaftler*in eine Art Ausnahmestatus aufgrund der Bedeutung der Forschungsaufgabe haben sollte, wird meist durch eine Unkenntnis der konkreten Verhältnisse zwischen wissenschaftlichem Nutzen und ökologischer Nachhaltigkeit der Handlungsfolgen verstärkt. Dabei sind die DH auf besondere Weise betroffen, sowohl aufgrund der Forschungstätigkeiten allgemein (am Computer arbeiten, reisen, Konferenzen organisieren) als auch aufgrund der speziellen Bedürfnisse des Faches (u.a. Rechen- und Speicherkapazität, dynamische Veröffentlichungsformate). Insbesondere im Zusammenhang mit geisteswissenschaftlichen Fächern haben die DH die Möglichkeit, wegweisend zu sein für nachhaltigere Forschungstätigkeiten. Darüber hinaus ist die Auseinandersetzung mit dem epistemologischen Wandel, der mit unserer Praxis der Digitalität zusammenhängt, auch Bestandteil der DH: Insofern sind Arbeiten zu Herausforderungen des ökologischen Fußabdrucks der Digital Humanities ein Zweig der Disziplin, den es zu befördern gilt.</p><p>Diese Arbeitsgruppe setzt sich drei Ziele:</p><p>1) Bestehende Rechenmethoden, Maßnahmen, Tools und Methoden evaluieren und den Austausch mit Wissenschaftler*innen anderer Fächer fördern, die in diesem Zusammenhang fortgeschritten sind;<br />2) Fachspezifische best practice-Richtlinien ausarbeiten, die in den unterschiedlichen Tätigkeitsfeldern (Reisen, Konferenzen, Materialbeschaffung, Hosting-Lösung) Forschenden, Institutionen und Förderern Orientierung verschaffen;<br />3) Eine gute Anbindung an international ähnlich gelagerten Interessengruppen gewährleisten und den (Informations)Austausch mit diesen pflegen.</p><h3> </h3><h2><strong>4. AG-URL (extern)</strong></h2><p><a href="https://dhd-greening.github.io/">https://dhd-greening.github.io/</a></p><h3> </h3><h2><strong>5. AG-Kontakt/Convenor</strong></h2><p>Anne Baillot<br />Ecole Normale Supérieure/ ICAR- CNRS UMR 5191<br />15 Parvis Descartes<br />F- 69342 Lyon<br />E-Mail: anne.baillot[AT]gmail.com</p><p>Torsten Roeder<br />Bergische Universität Wuppertal<br />E-Mail: dh[AT]torstenroeder.de</p>								</div>
				</div>
					</div>
				</div>
				</div>

<p>1. AG-Name Arbeitsgruppe Greening DH   2. AG-Arbeitsschwerpunkte Die Arbeitsgruppe befasst sich mit Fragen, die mit dem ökologischen Fußabdruck der Digital Humanities-Forschungsaktivität zusammenhängen. Es sollen sowohl praktische Aspekte berücksichtigt werden (greening toolkit) als auch die epistemologischen Fragen und Herausforderungen, vor welchen die Klimakrise die Community stellt.   3. AG-Ziel Diese AG geht davon aus, dass [&hellip;]</p>
